me?
False
Let i = 120 - 123. Let m(o) = -92*o - 91. Is m(i) composite?
True
Suppose -3*m = j + m + 9, 5*j = 5*m + 30. Is (30/j)/(-2 - (-192)/94) composite?
True
Let d = 42 - 40. Suppose 5*f = d*g - 11, 5*g - 7 = -3*f + 5. Suppose -4*v - 3*z - z = -208, g*z = 5*v - 268. Is v a composite number?
False
Let d be (-4 - -3)*(2 + (2 - 7)). Let f be d/(-9) + 3944/6. Suppose 4*u - 1515 = f. Is u composite?
True
Let f(c) = -2*c + 2*c + 8*c + 18*c**2 - 36 + 39. Is f(-13) prime?
False
Let v = -252 - -256. Suppose 2*t + 4 = 0, 0 = -5*c - 5*t + 5 + 5. Suppose -c*j + 0*f + 4547 = -f, -5*j - v*f = -5710. Is j a composite number?
True
Suppose 0 = -2*l + 7 - 9, -t - 3*l - 3282 = 0. Let k = 7490 + t. Is k a prime number?
True
Is 202643*260/91 - 9 a composite number?
False
Suppose -67 = 13*f + 63. Let o be (5 + 35/f)*2334. Suppose 3*g + j - o = 0, 5*g - j - 2*j = 5835. Is g prime?
False
Suppose 7856601 + 2144135 = 32*h. Is h a composite number?
True
Suppose 8*p + 253770 = 23*p. Suppose 28*f = 30*f - p. Is f prime?
False
Let k be (4/10)/((-78)/(-20) + -4). Let c be k + 4/8*3738. Let t = c + -1324. Is t a prime number?
True
Let t(f) = -70*f**2 - 78*f + 78. Let v(a) = -23*a**2 - 26*a + 26. Let h(k) = -6*t(k) + 17*v(k). Is h(19) a composite number?
False
Let l = 194891 - 26568. Is l composite?
False
Let k(a) = a**2 + 73*a + 477. Is k(37) a prime number?
True
Suppose 0 = -3*x + 2*x + 4*u + 22, 0 = -2*u - 8. Suppose x*m + 23 - 53 = 0. Suppose -3*s - 3792 = -c - 4*s, -3786 = -c + m*s. Is c a composite number?
True
Suppose 193*c - 199*c + 238686 = 0. Is c prime?
False
Suppose 4*l + 2*s = -3*s + 18, 10 = l + 4*s. Suppose -l*k - 5 + 9 = 0. Let u(n) = 7*n**2 - n - 3. Is u(k) a prime number?
True
Is 2 + 402825/57 - 68/646 a composite number?
False
Let l(n) = 2*n**3 - 21*n**2 + 42*n + 16. Let g = -257 - -278. Is l(g) composite?
False
Let j be (-2 - -3)/(0 - 1)*929. Let d = j + 2818. Is d a prime number?
True
Let l(y) = -y**3 - 2*y**2 - 4*y + 2. Let b be l(3). Let a = b + 59. Is 6754/10 - a/10 - 2 a composite number?
False
Suppose 81*b - 7312920 = 680039 - 166496. Is b a prime number?
False
Let l = 28 + -26. Let u(s) = s**3 - 3*s**2 + 4*s - 2. Let f be u(l). Suppose 0 = -5*m + f*i + 5607, 5*m + 1440 - 7048 = 3*i. Is m composite?
True
Let z(v) = 3*v**2 - 76*v + 29. Let g be z(25). Suppose -h - 4*i + 9705 = -196, -5*h - g*i + 49489 = 0. Is h a prime number?
False
Let y = 54541 + -26770. Is y composite?
True
Let k = -1031 + 687. Suppose -2 = 3*q - 2*q. Is ((-8)/q - k) + -1 a composite number?
False
Suppose -31*u + 34168 = -23*u. Is u a composite number?
False
Let t(n) = -3*n - 107 + 515*n**2 + 33 + 12*n - 62*n**2 + 3*n. Is t(5) a prime number?
True
Is (1/((-43116671)/3593057 + 12))/1 a prime number?
True
Let w(j) = -j**3 + 48*j**2 + 50*j + 107. Is w(42) composite?
False
Let h = -15085 + 79374. Is h composite?
True
Let y = 262613 - -15698. Is y a prime number?
False
Let l(t) = -2*t + 0 - 2 - 10*t - 1. Let u be l(2). Let a = u + 138. Is a composite?
True
Let r = 6845 - 2855. Suppose -4*p - 10934 = -4*j + p, -4*p + 13647 = 5*j. Let t = r - j. Is t composite?
False
Suppose 2*q - 7 = -v - 4, 3*v - q = -5. Let m be (-9)/9*-1*7. Is 2219/(-7)*m/v composite?
True
Is (8 + -16 + 5)*((-255262)/6 + -2) a composite number?
False
Suppose 27*d - 120330 = -63*d. Is d a composite number?
True
Let j be -3*20/(-45)*(-15378)/(-4). Let k = -3490 + j. Is -4 + ((-1 + k)/(-3))/(-1) a composite number?
False
Let q(t) = t**3 + 38*t**2 - 233*t + 204. Is q(37) prime?
False
Let n(v) be the first derivative of 32*v**3/3 - 25*v**2/2 - 38*v - 174. Is n(-15) prime?
True
Suppose 0 = 29*v - 26*v - 3. Is (234/(-78))/(v - (-4228)/(-4222)) prime?
True
Let a(p) = 2*p**3 + 14*p**2 + 8*p + 16. Let c be a(-6). Suppose 6164 = -36*v + c*v. Is v composite?
True
Suppose 0 = -6*q + 85 + 17. Suppose 20*a - q*a = 6885. Suppose -9*v - 36 = -a. Is v a prime number?
True
Let h(d) = -d**3 + 54*d**2 - 77*d + 155. Is h(52) prime?
True
Suppose a + 0*a - 20217 = w, -a + 20215 = -2*w. Is a a prime number?
True
Let i(p) = 64*p**2 - 2*p + 155. Is i(19) a prime number?
False
Suppose -923 = -3*d - 10*d. Let v = -67 + d. Suppose -v*h = -0*h - 2612. Is h composite?
False
Let j be (10/(80/(-2956)))/(2/(-56)). Let s = j + -6363. Is s prime?
False
Is 258/774*(-2)/(-1 + (-373537)/(-373539)) a prime number?
True
Let i(s) = 4*s - 1819. Let a(u) be the third derivative of u**3/6 + 8*u**2. Let v(f) = 4*a(f) - i(f). Is v(0) composite?
False
Let o(q) be the second derivative of -q**5/10 - 5*q**4/12 + q**3/6 + 25*q**2/2 + 76*q. Is o(-6) a composite number?
False
Let i(k) = -3*k - 26. Let d be (1*1/(-3))/(2/(-18)). Suppose d*f = -33 - 3. Is i(f) prime?
False
Suppose -462*c = -l - 457*c + 257587, -2*l - 2*c = -515174. Is l prime?
False
Let x(u) = 9590*u + 39. Is x(5) prime?
False
Suppose 4*b - 16 = 0, 1958*b - 130954 = -2*j + 1959*b. Is j a prime number?
True
Let p = -139194 - -212315. Is p composite?
False
Let q = 1996 + 919. Let a = -410 - -413. Suppose -a*y + q = -1339. Is y a composite number?
True
Let b(t) = -2*t**2 - t + 14. Let s(y) = -y**2 + 14. Let n be (8 + -2)/(-2) - (4 + -5). Let o(c) = n*b(c) + 3*s(c). Is o(7) a composite number?
True
Suppose -7*p + 2*p = -w + 250, 0 = -p + 5. Let b = w + 21428. Is b composite?
True
Suppose 0 = 2*w - 10, -2*h + 3*w = -h - 31204. Suppose -4*m - 3*j + h = 0, -m = -j + 2*j - 7804. Is m prime?
False
Let s = -12 - -103. Suppose -107*n + 129616 = -s*n. Is n prime?
True
Let v = -3706 + 92789. Is v prime?
True
Let s(v) = 2*v - 74. Let q be s(37). Suppose -3*f + 890 = -2*f + o, q = -3*f - 4*o + 2665. Is f a composite number?
True
Suppose -9 = 2*m - b - 145, -2*b + 331 = 5*m. Suppose -m = -2*w - 241. Let l = w - -178. Is l composite?
True
Suppose 4*s = -12 + 4. Let v(r) = -7*r**3 - r**2 - 2*r - 4. Let l be v(s). Suppose l*g = 55*g - 159. Is g a composite number?
False
Let u(w) = w**3 - 10*w**2 + 11*w + 22. Let s be u(9). Let d = s - 41. Is (0 + d)*-1*377 a composite number?
True
Suppose s + 110109 + 83166 = 3*v, 0 = -4*v + 2*s + 257704. Is v a prime number?
False
Suppose -79*d - 134600 = -87*d. Let k = d + -1842. Is k a prime number?
True
Let l(k) = k**2 - 3. Let q be l(-6). Suppose -13*o = -2*o - q. Suppose o*h - 3*y - 764 - 1795 = 0, -2*y = 0. Is h composite?
False
Let c = -33 - 166. Let l = -13594 - -14532. Let u = l + c. Is u prime?
True
Suppose 4*m = 6*m + 8, -4*m + 6508 = 2*c. Suppose -3*a - c = -10549. Is a a prime number?
False
Let t(x) = -2*x**3 - 13*x**2 + 9*x - 29. Let k(w) = 6*w - w**3 + 11*w**3 - 11*w**3 + 11 - 30 - 9*w**2. Let u(p) = 8*k(p) - 5*t(p). Is u(6) a composite number?
False
Suppose -3*k + 17 = -2*m + 3*m, 5*k = 5*m + 15. Suppose 5*c - 20 = 0, -2*w + m*c + 34 + 32 = 0. Let q = -34 + w. Is q a prime number?
True
Let w = 8266 + 96247. Is w a composite number?
False
Suppose 84695534 = 192*f - 65836891 - 18733047. Is f prime?
True
Suppose -4*u + 338 = -5*l, 3*l = -2*u + 5*u - 252. Let k be -25*(-5)/(10/u) - 1. Suppose r + 203 = 2*r + 2*o, -o + k = 5*r. Is r prime?
False
Let d be (6*30/(-18))/(3/6). Let g = 6 + 4. Is 809 + (8/d - (-4)/g) a composite number?
False
Suppose -5*s = -g - 998185, -5*s + 4*g + 0*g = -998185. Is s a prime number?
True
Suppose 20 = -8*t - 4. Is 5553/(t + 6) - 4 prime?
True
Suppose -7*o = 147 + 847. Let j = -142 - o. Suppose j = -c - 4*a + 677, -5*c - a = -2*a - 3490. Is c a prime number?
False
Let m be (2/(-6))/((-7)/(-189)). Let b be 4/(-12) + 29823/m. Let y = -2163 - b. Is y a composite number?
False
Suppose -1276 = 2*f - 52. Let u = 1525 + f. Is u prime?
False
Is (-12)/10*85/68*(0 + -69962) composite?
True
Let u = -103 + 44. Let i = u - -60. Is (4/i - 3)*-3 - -1850 a composite number?
False
Let w(o) be the second derivative of o**5/20 + o**4/6 + o**3/2 - 13*o**2/2 + o - 69. Is w(6) composite?
False
Let x = -61 - -79. Suppose -26*w = -x*w - 24. Suppose w*s + 5727 = 6*s. Is s a composite number?
True
Suppose 5*s = -4*n + 67152, 50991 = 4*n - 5*s - 16201. Is n prime?
False
Let n(f) = -f**2 - 2*f - 1. Let o = -35 - -34. Let k be n(o). Suppose m - 2*p - 689 = 0, m + k*p - 677 = -4*p. Is m composite?
True
Suppose -187*f + 206*f - 380730 - 2548481 = 0. Is f a prime number?
False
Is -71 + 81 - (-46143)/(-3)*-23 a prime number?
False
Let a(p) = p**3 + 20*p**2 - 44*p + 425. Is a(